it of 40624701?
7
What is the tens digit of 22253961?
6
What is the hundred thousands digit of 39758885?
7
What is the hundred thousands digit of 564715735?
7
What is the ten thousands digit of 508483113?
8
What is the hundred thousands digit of 18106922?
1
What is the tens digit of 63805730?
3
What is the thousands digit of 1216317127?
7
What is the hundreds digit of 62425083?
0
What is the hundred thousands digit of 106613929?
6
What is the billions digit of 1362535252?
1
What is the units digit of 67845830?
0
What is the units digit of 255667367?
7
What is the ten thousands digit of 228143918?
4
What is the thousands digit of 35035424?
5
What is the ten millions digit of 318721282?
1
What is the tens digit of 780715158?
5
What is the thousands digit of 13230525?
0
What is the billions digit of 2165455723?
2
What is the tens digit of 2854002048?
4
What is the units digit of 320657031?
1
What is the hundred thousands digit of 15106260?
1
What is the thousands digit of 52814984?
4
What is the hundred thousands digit of 44723776?
7
What is the hundreds digit of 2212268192?
1
What is the ten millions digit of 39683951?
3
What is the hundred millions digit of 370119821?
3
What is the millions digit of 22544898?
2
What is the ten thousands digit of 112066307?
6
What is the ten thousands digit of 46160776?
6
What is the millions digit of 156768426?
6
What is the hundreds digit of 137046031?
0
What is the tens digit of 32727371?
7
What is the millions digit of 1624479872?
4
What is the hundreds digit of 385455197?
1
What is the hundreds digit of 730070519?
5
What is the tens digit of 5241364987?
8
What is the ten thousands digit of 42625423?
2
What is the hundreds digit of 1120456417?
4
What is the hundred millions digit of 272108493?
2
What is the millions digit of 3753519?
3
What is the tens digit of 696781362?
6
What is the millions digit of 54118260?
4
What is the units digit of 1716194564?
4
What is the units digit of 4763552?
2
What is the ten thousands digit of 98949621?
4
What is the ten millions digit of 4210865315?
1
What is the thousands digit of 33783539?
3
What is the thousands digit of 170188365?
8
What is the units digit of 2326937737?
7
What is the tens digit of 26002837?
3
What is the ten thousands digit of 970018908?
1
What is the ten thousands digit of 3765788507?
8
What is the ten thousands digit of 1098470574?
7
What is the thousands digit of 277316136?
6
What is the thousands digit of 16381748?
1
What is the units digit of 50530325?
5
What is the millions digit of 2103219417?
3
What is the millions digit of 82737442?
2
What is the hundred millions digit of 2746557646?
7
What is the hundreds digit of 128968397?
3
What is the units digit of 63575216?
6
What is the units digit of 1002078359?
9
What is the ten millions digit of 3863925565?
6
What is the ten thousands digit of 45006191?
0
What is the ten millions digit of 672604623?
7
What is the hundred thousands digit of 999057398?
0
What is the units digit of 236781648?
8
What is the millions digit of 21068953?
1
What is the hundreds digit of 1164426506?
5
What is the millions digit of 3090230810?
0
What is the hundred millions digit of 205043701?
2
What is the ten millions digit of 254198202?
5
What is the hundreds digit of 47512182?
1
What is the ten thousands digit of 981178168?
7
What is the ten thousands digit of 74445753?
4
What is the millions digit of 2778667965?
8
What is the tens digit of 1344648366?
6
What is the millions digit of 50698471?
0
What is the hundreds digit of 290456029?
0
What is the hundreds digit of 1301694049?
0
What is the units digit of 157432421?
1
What is the millions digit of 122532083?
2
What is the millions digit of 2744750588?
4
What is the billions digit of 2447913743?
2
What is the thousands digit of 77937313?
7
What is the units digit of 65441153?
3
What is the tens digit of 76769281?
8
What is the hundreds digit of 3943367174?
1
What is the ten thousands digit of 907831868?
3
What is the ten thousands digit of 20382375?
8
What is the billions digit of 4117522430?
4
What is the ten millions digit of 4371391083?
7
What is the units digit of 22864290?
0
What is the millions digit of 1255618319?
5
What is the millions digit of 48030801?
8
What is the ten thousands digit of 2583712144?
1
What is the millions digit of 3463540184?
3
What is the tens digit of 53496728?
2
What is the units digit of 962074380?
0
What is the units digit of 2850681322?
2
What is the tens digit of 508148616?
1
What is the thousands digit of 174253415?
3
What is the millions digit of 75073334?
5
What is the ten millions digit of 519602244?
1
What is the millions digit of 13055012?
3
What is the thousands digit of 1441411214?
1
What is the thousands digit of 883350097?
0
What is the hundred millions digit of 692237218?
6
What is the ten millions digit of 93599166?
9
What is the hundreds digit of 6322910933?
9
What is the ten millions digit of 72332666?
7
What is the units digit of 23866752?
2
What is the units digit of 162695978?
8
What is the thousands digit of 1565019270?
9
What is the tens digit of 1094657685?
8
What is the millions digit of 74200726?
4
What is the hundreds digit of 59826395?
3
What is the billions digit of 1625756525?
1
What is the hundreds digit of 3640366902?
9
What is the hundred millions digit of 2946643565?
9
What is the ten millions digit of 700093053?
0
What is the tens digit of 70585210?
1
What is the tens digit of 364620572?
7
What is the hundreds digit of 668042939?
9
What is the units digit of 11325211?
1
What is the ten millions digit of 572291566?
7
What is the ten millions digit of 1066499667?
6
What is the ten millions digit of 927599660?
2
What is the thousands digit of 107406446?
6
What is the ten millions digit of 6119235538?
1
What is the ten millions digit of 34477412?
3
What is the ten millions digit of 318956147?
1
What is the hundred thousands digit of 224066739?
0
What is the ten millions digit of 52731898?
5
What is the ten millions digit of 24694153?
2
What is the units digit of 399267529?
9
What is the hundred millions digit of 4939814650?
9
What is the hundred thousands digit of 69422182?
4
What is the hundreds digit of 186365969?
9
What is the thousands digit of 319937125?
7
What is the units digit of 63524361?
1
What is the ten thousands digit of 984134?
8
What is the hundred millions digit of 116830446?
1
What is the hundreds digit of 1493767788?
7
What is the ten millions digit of 30127834?
3
What is the ten thousands digit of 143069783?
6
What is the hundred millions digit of 643597924?
6
What is the units digit of 1700824061?
1
What is the hundreds digit of 889207967?
9
What is the units digit of 397183239?
9
What is the thousands digit of 18616974?
6
What is the millions digit of 845137579?
5
What is the units digit of 8072097?
7
What is the ten millions digit of 798776206?
9
What is the millions digit of 15616436?
5
What is the hundreds digit of 31513583?
5
What is the hundred thousands digit of 100905188?
9
What is the hundred thousands digit of 68820088?
8
What is the thousands digit of 31020180?
0
What is the hundred thousands digit of 1755158910?
1
What is the ten thousands digit of 65307007?
0
What is the hundreds digit of 44996850?
8
What is the units digit of 27743880?
0
What is the thousands digit of 11446123?
6
What is the tens digit of 983288?
8
What is the tens digit of 2184128149?
4
What is the millions digit of 1499079965?
9
What is the hundred thousands digit of 58307236?
3
What is the millions digit of 1481554449?
1
What is the units digit of 911824295?
5
What is the hundred thousands digit of 25230067?
2
What is the ten millions digit of 51240495?
5
What is the billions digit of 1190507979?
1
What is the hundred thousands digit of 604293841?
2
What is the ten millions digit of 1636078525?
3
What is the hundreds digit of 3000564899?
8
What is the ten millions digit of 499337052?
9
What is the hundreds digit of 133464007?
0
What is the millions digit of 1158457960?
8
What is the hundred millions digit of 130389147?
1
What is the ten millions digit of 172788102?
7
What is the hundred thousands digit of 3207019951?
0
What is the hundred thousands digit of 409409620?
4
What is the tens digit of 184112